False
Is 1582758299 a composite number?
True
Is 33859281473 a composite number?
False
Is 2164974629 a composite number?
False
Is 7835557031 prime?
True
Is 6046643147 a composite number?
True
Is 479978861 prime?
True
Is 17943281977 prime?
True
Is 13042817261 composite?
False
Is 5243061619 prime?
True
Is 1140297359 a composite number?
False
Is 42614545 prime?
False
Is 18535982641 composite?
True
Is 3722525039 composite?
False
Is 3460349245 a prime number?
False
Is 3007527121 a composite number?
False
Is 3452796791 a prime number?
True
Is 3297490787 a composite number?
False
Is 231597837311 composite?
False
Is 10033069637 composite?
True
Is 4156728607 a prime number?
False
Is 1295334803 a prime number?
False
Is 122209682261 prime?
True
Is 9531960835 a composite number?
True
Is 14094358151 composite?
True
Is 4703248531 a prime number?
False
Is 1482987739 a composite number?
True
Is 229774469 a composite number?
True
Is 4200561949 a prime number?
True
Is 162317993 prime?
True
Is 168621809 composite?
True
Is 2988950053 a prime number?
False
Is 518913953 prime?
True
Is 690886583 a composite number?
False
Is 4100289707 a composite number?
True
Is 687434422 a composite number?
True
Is 27589006703 a prime number?
True
Is 760281287 a composite number?
True
Is 3590802547 a composite number?
True
Is 3490573337 a composite number?
False
Is 181230284661 composite?
True
Is 105950041 a prime number?
True
Is 130035724537 prime?
False
Is 54089726347 a prime number?
False
Is 30477551 a prime number?
False
Is 5393350273 composite?
False
Is 212690741 composite?
False
Is 9789393949 a prime number?
True
Is 1839311571 a composite number?
True
Is 13122239629 prime?
False
Is 2974575043 a prime number?
False
Is 20394317723 a prime number?
False
Is 2454347759 composite?
False
Is 408798473 a prime number?
False
Is 487149431 composite?
False
Is 49878167 composite?
False
Is 3596372473 a composite number?
False
Is 43855292893 composite?
True
Is 8750200253 a composite number?
False
Is 1758613763 composite?
True
Is 8458695701 a composite number?
False
Is 538958723 a prime number?
True
Is 660077987 a prime number?
False
Is 1302338423 prime?
True
Is 19463963173 composite?
False
Is 93151337 composite?
True
Is 7736972378 a prime number?
False
Is 1437387751 a composite number?
True
Is 6790735559 a composite number?
True
Is 87117305503 a composite number?
False
Is 11542032521 prime?
True
Is 54849664019 a composite number?
False
Is 118922789161 a prime number?
False
Is 31393066799 a prime number?
False
Is 16112910223 prime?
True
Is 869198633 composite?
False
Is 1443505321 prime?
True
Is 5157607957 a prime number?
True
Is 2776567987 prime?
False
Is 4699987322 a composite number?
True
Is 566591297 composite?
True
Is 135145187 a composite number?
False
Is 1174931273 composite?
True
Is 4728724015 a prime number?
False
Is 387422993 a composite number?
False
Is 2756492587 prime?
True
Is 1822908247 a composite number?
False
Is 269846791 a composite number?
False
Is 653057117 a prime number?
False
Is 394648261 prime?
False
Is 13819681294 composite?
True
Is 1619079551 a composite number?
False
Is 1902170549 a prime number?
False
Is 31633550909 a prime number?
False
Is 6618453229 prime?
True
Is 5210553343 a composite number?
True
Is 853241747 composite?
True
Is 347508371 prime?
False
Is 56634828839 a prime number?
True
Is 5504549269 a composite number?
False
Is 4896931577 a prime number?
False
Is 1121367655 prime?
False
Is 90180569 a prime number?
True
Is 3154815947 a composite number?
False
Is 10070983499 prime?
True
Is 1942471919 prime?
False
Is 782081177 prime?
True
Is 54138138551 prime?
False
Is 80201532889 prime?
False
Is 3350551091 a prime number?
True
Is 384295146149 a prime number?
False
Is 171088283 a prime number?
False
Is 1268395231 a prime number?
True
Is 2451540761 composite?
True
Is 541679909 a composite number?
False
Is 2643300841 a prime number?
False
Is 2147277437 prime?
False
Is 738202538 a prime number?
False
Is 23716673557 prime?
False
Is 10548209497 composite?
True
Is 68914286255 a composite number?
True
Is 22562191969 a prime number?
True
Is 60419377 a composite number?
True
Is 496140277 a prime number?
False
Is 7883856107 a prime number?
True
Is 28649081031 a composite number?
True
Is 4445699749 a prime number?
False
Is 1644893059 a composite number?
False
Is 5160379691 a composite number?
True
Is 20755156717 a prime number?
True
Is 173817597521 a composite number?
False
Is 842948999 composite?
True
Is 30749242583 a prime number?
False
Is 3215042543 a composite number?
True
Is 2969408707 a prime number?
True
Is 3484863461 composite?
False
Is 28906263637 composite?
False
Is 2541021737 a composite number?
False
Is 6468612881 composite?
False
Is 5588581 a composite number?
True
Is 470713537 a prime number?
False
Is 128523225217 a prime number?
False
Is 914694569 composite?
True
Is 128169761 a prime number?
True
Is 4267107529 a composite number?
False
Is 7411502629 a prime number?
True
Is 12409768939 a composite number?
True
Is 106512725989 a prime number?
True
Is 2268226763 a prime number?
False
Is 695912299 prime?
True
Is 55889886691 composite?
True
Is 2624747887 a composite number?
False
Is 329887217 a composite number?
True
Is 77462372171 a prime number?
False
Is 11239653869 a composite number?
True
Is 2401813813 prime?
False
Is 605844367 prime?
True
Is 2539557199 a prime number?
False
Is 911295631 a composite number?
False
Is 384767843 a composite number?
True
Is 40569025631 prime?
False
Is 663544853 a composite number?
True
Is 79689158321 composite?
False
Is 1829373131 prime?
False
Is 3528548287 a prime number?
False
Is 3665212147 a prime number?
False
Is 12406193 a composite number?
False
Is 1282070677 a prime number?
True
Is 1395837494 a prime number?
False
Is 1747214089 composite?
False
Is 1730762266 a composite number?
True
Is 5662861121 prime?
True
Is 22665545354 composite?
True
Is 596630999 a prime number?
True
Is 4728251029 composite?
True
Is 6065732873 a prime number?
False
Is 291931583 prime?
False
Is 4480827014 composite?
True
Is 5214070633 a composite number?
False
Is 4102594859 composite?
True
Is 350053657 composite?
True
Is 1507703641 a prime number?
False
Is 13970765333 a prime number?
False
Is 5959601857 composite?
True
Is 24452335783 prime?
True
Is 2367489073 composite?
False
Is 264333198953 a prime number?
True
Is 151859856593 a composite number?
False
Is 12242482523 composite?
True
Is 668168953 composite?
True
Is 10582297489 a composite number?
False
Is 58332562793 a composite number?
False
Is 530289973 prime?
True
Is 14039767039 a composite number?
True
Is 8372010805 composite?
True
Is 48447249163 a prime number?
False
Is 37881789446 prime?
False
Is 3483428029 prime?
True
Is 201746067814 composite?
True
Is 19428125681 composite?
False
Is 1300805171 composite?
False
Is 3847191643 a composite number?
False
Is 40486339991 a composite number?
False
Is 2321916533 a prime number?
True
Is 51967291 composite?
True
Is 1047338093 a composite number?
True
Is 3869331227 a composite number?
False
Is 3400123367 a prime number?
False
Is 5045108483 a prime number?
False
Is 8257002763 a prime number?
False
Is 1922738005 a composite number?
True
Is 26961740311 composite?
True
Is 14567888669 prime?
True
Is 2894927821 composite?
True
Is 4185292871 prime?
False
Is 1527683203 prime?
True
Is 7583699161 a prime number?
True
Is 672285811 a prime number?
False
Is 2199808813 a prime number?
True
Is 3474662605 composite?
True
Is 302935067 a prime number?
False
Is 721962469 a prime number?
False
Is 6157472479 a prime number?
True
Is 6112156357 a prime number?
False
Is 1341444941 composite?
True
Is 2037072977 composite?
False
Is 82194284617 a prime number?
True
Is 156419801191 a composite number?
False
Is 1348718081 prime?
False
Is 2102071513 prime?
True
Is 418433537 a composite number?
True
Is 2177041357 prime?
True
Is 1339358473 prime?
True
Is 146732239 composite?
False
Is 53515892239 a prime number?
False
Is 806107069 composite?
False
Is 383472017 composite?
True
Is 468136309 a composite number?
True
Is 980207057 a composite number?
False
Is 22957645219 prime?
True
Is 5613626345 prime?
False
Is 1092960947 a prime number?
False
Is 3569088206 a composite number?
True
Is 5983